Is 35 a factor of 69195?
True
Is 17 a factor of 2856?
True
Is 5565 a multiple of 21?
True
Is 26632 a multiple of 15?
False
Is 861 a multiple of 7?
True
Is 52 a factor of 1757?
False
Is 513 a multiple of 10?
False
Is 23 a factor of 667?
True
Does 48 divide 8146?
False
Does 64 divide 192?
True
Is 1740 a multiple of 15?
True
Is 221 a multiple of 71?
False
Does 8 divide 1032?
True
Does 58 divide 2958?
True
Is 2384 a multiple of 53?
False
Is 837 a multiple of 2?
False
Is 28 a factor of 433?
False
Is 3024 a multiple of 14?
True
Is 14 a factor of 2618?
True
Is 50 a factor of 52202?
False
Does 45 divide 3915?
True
Does 37 divide 296?
True
Does 5 divide 84?
False
Is 1059 a multiple of 21?
False
Is 812 a multiple of 58?
True
Is 18 a factor of 255?
False
Is 38 a factor of 2016?
False
Is 1554 a multiple of 64?
False
Is 3030 a multiple of 10?
True
Is 205 a multiple of 6?
False
Is 27 a factor of 4454?
False
Is 38792 a multiple of 18?
False
Is 1269 a multiple of 47?
True
Is 9 a factor of 393?
False
Is 665 even?
False
Does 63 divide 1008?
True
Is 2 a factor of 143?
False
Is 25 a factor of 325?
True
Is 119 a factor of 5712?
True
Does 77 divide 6624?
False
Does 16 divide 1312?
True
Does 21 divide 11781?
True
Is 10730 a multiple of 145?
True
Is 8 a factor of 1285?
False
Is 25 a factor of 40843?
False
Does 12 divide 886?
False
Is 27 a factor of 1161?
True
Does 5 divide 2315?
True
Is 29502 a multiple of 18?
True
Is 14700 a multiple of 30?
True
Is 170 a multiple of 7?
False
Is 6 a factor of 11293?
False
Is 252 a multiple of 4?
True
Is 7 a factor of 3115?
True
Is 3057 a multiple of 101?
False
Is 32 a factor of 2139?
False
Does 27 divide 1151?
False
Is 13913 a multiple of 10?
False
Is 15 a factor of 16705?
False
Is 10 a factor of 26183?
False
Is 10 a factor of 47140?
True
Is 32 a factor of 50624?
True
Is 27 a factor of 4590?
True
Does 331 divide 10770?
False
Is 8 a factor of 58?
False
Is 6595 a multiple of 3?
False
Is 5436 a multiple of 36?
True
Does 40 divide 445?
False
Is 101 a factor of 1406?
False
Does 126 divide 306?
False
Is 106004 a multiple of 159?
False
Is 2 a factor of 49?
False
Is 138 a factor of 5830?
False
Is 70 a factor of 560?
True
Is 85651 a multiple of 97?
True
Is 45 a factor of 1575?
True
Does 8 divide 2472?
True
Is 5 a factor of 2555?
True
Does 23 divide 21459?
True
Is 41448 a multiple of 157?
True
Is 22 a factor of 3080?
True
Is 696 a multiple of 35?
False
Is 7940 a multiple of 4?
True
Is 3041 a multiple of 7?
False
Is 9 a factor of 360?
True
Is 37 a factor of 917?
False
Does 5 divide 624?
False
Is 30036 a multiple of 16?
False
Does 14 divide 1214?
False
Is 2 a factor of 2279?
False
Does 60 divide 104340?
True
Is 13 a factor of 312?
True
Does 19 divide 696?
False
Is 47 a factor of 87?
False
Does 7 divide 840?
True
Does 20 divide 1680?
True
Does 61 divide 488?
True
Is 28 a multiple of 28?
True
Is 10 a factor of 1860?
True
Is 16 a factor of 14624?
True
Does 41 divide 760?
False
Does 58 divide 27187?
False
Is 12 a factor of 396?
True
Is 2530 a multiple of 11?
True
Is 10 a factor of 1190?
True
Is 20577 a multiple of 51?
False
Is 139 a multiple of 4?
False
Is 25 a factor of 2425?
True
Is 177 a factor of 88210?
False
Does 8 divide 2632?
True
Is 142 a factor of 82076?
True
Does 12 divide 252?
True
Does 13 divide 260?
True
Is 29 a factor of 8151?
False
Is 320 a multiple of 20?
True
Does 17 divide 8330?
True
Does 10 divide 3110?
True
Is 12 a factor of 15900?
True
Is 70584 a multiple of 120?
False
Does 6 divide 58?
False
Is 11751 a multiple of 35?
False
Does 12 divide 259?
False
Does 105 divide 1365?
True
Is 31 a factor of 8056?
False
Does 113 divide 2825?
True
Is 127 a factor of 44201?
False
Is 949 a multiple of 73?
True
Is 46 a factor of 11362?
True
Is 12 a factor of 756?
True
Is 14 a factor of 2478?
True
Is 195 a factor of 52005?
False
Is 18703 a multiple of 179?
False
Is 36 a factor of 7596?
True
Is 83 a factor of 120428?
False
Does 85 divide 558?
False
Is 297 a multiple of 7?
False
Is 19 a factor of 724?
False
Is 5 a factor of 75?
True
Does 24 divide 4890?
False
Is 56 a multiple of 28?
True
Does 54 divide 324?
True
Is 4 a factor of 192?
True
Is 3297 a multiple of 21?
True
Is 1479 a multiple of 17?
True
Is 1542 a multiple of 2?
True
Is 27 a factor of 17722?
False
Does 5 divide 570?
True
Is 35 a factor of 67410?
True
Is 215 a multiple of 10?
False
Is 2005 a multiple of 22?
False
Does 97 divide 4489?
False
Does 150 divide 17344?
False
Does 36 divide 3168?
True
Does 60 divide 300?
True
Is 99 a factor of 792?
True
Does 83 divide 2391?
False
Is 3 a factor of 1685?
False
Does 52 divide 4098?
False
Does 2 divide 266?
True
Does 13 divide 39?
True
Is 17 a factor of 459?
True
Is 13 a factor of 192?
False
Is 52 a factor of 96044?
True
Is 29 a factor of 8642?
True
Does 21 divide 569?
False
Does 76 divide 825?
False
Is 15 a factor of 9570?
True
Is 37354 a multiple of 68?
False
Is 246 a multiple of 19?
False
Is 16373 a multiple of 41?
False
Is 1149 a multiple of 5?
False
Does 29 divide 4843?
True
Is 3 a factor of 59?
False
Is 535 a multiple of 69?
False
Does 9 divide 5181?
False
Is 30 a multiple of 30?
True
Does 7 divide 366?
False
Is 7 a factor of 665?
True
Is 28 a factor of 6143?
False
Does 20 divide 780?
True
Is 1050 a multiple of 15?
True
Is 7512 a multiple of 24?
True
Is 768 a multiple of 6?
True
Does 26 divide 17214?
False
Is 12 a factor of 1776?
True
Is 43 a factor of 2901?
False
Is 34 a factor of 680?
True
Is 14741 a multiple of 156?
False
Is 23 a factor of 2530?
True
Is 10 a factor of 320?
True
Is 53 a factor of 2915?
True
Does 50 divide 7750?
True
Is 3 a factor of 19?
False
Is 49477 a multiple of 163?
False
Is 10 a factor of 34668?
False
Is 74071 a multiple of 191?
False
Is 5198 a multiple of 21?
False
Does 16 divide 1821?
False
Is 16 a factor of 74?
False
Does 6 divide 456?
True
Does 15 divide 104775?
True
Is 35 a factor of 16940?
True
Is 10 a factor of 230?
True
Is 1357 a multiple of 59?
True
Is 1128 a multiple of 12?
True
Is 926 a multiple of 6?
False
Does 33 divide 2151?
False
Is 10 a factor of 80?
True
Is 8 a factor of 2393?
False
Does 13 divide 13?
True
Does 4 divide 61?
False
Is 16 a factor of 1811?
False
Does 118 divide 5428?
True
Is 5978 a multiple of 61?
True
Is 37 a factor of 4980?
False
Is 81 a factor of 5625?
False
Is 17 a factor of 6288?
False
Is 1930 a multiple of 33?
False
Is 27 a factor of 23166?
True
Is 37 a factor of 2057?
False
Is 10 a factor of 5370?
True
Is 25 a factor of 1743?
False
Is 912 a multiple of 14?
False
Is 11223 a multiple of 129?
True
Is 327 a multiple of 28?
False
Is 34 a factor of 8855?
False
Is 6642 a multiple of 7?
False
Is 26 a multiple of 26?
True
Is 210 a multiple of 7?
True
Does 45 divide 674?
False
Is 677 a multiple of 2?
False
Is 38301 a multiple of 39?
False
Is 49 a factor of 21812?
False
Is 38205 a multiple of 58?
False
Is 12 a factor of 732?
True
Does 9 divide 20601?
True
Does 37 divide 91029?
False
Is 13 a factor of 44846?
False
Is 24 a factor of 1848?
True
Does 122 divide 1153?
False
Is 50 a factor of 17008?
False
Is 128 a multiple of 3?
False
Is 12 a factor of 1298?
False
Is 445 a multiple of 43?
False
Is 336 a multiple of 16?
True
Is 84495 a multiple of 215?
True
Is 216 a multiple of 9?
True
Is 1075 a multiple of 2?
False
Does 21 divide 6796?
False
Is 64 a multiple of 16?
True
Does 23 divide 578?
False
Is 4 a factor of 1992?
True
Is 23 a factor of 10440?
False
Is 195 a factor of 12025?
False
Is 59176 a multiple of 13?
True
Does 6 divide 682?
False
Is 6 a factor of 552?
True
Does 159 divide 1113?
True
Is 10 a factor of 302?
False
Is 17 a factor of 18855?
False
Is 16 a factor of 734?
False
Is 12 a factor of 1764?
True
Is 702 a multiple of 54?
True
Is 16489 a multiple of 11?
True
Is 280 a factor of 122604?
False
Does 136 divide 16592?
True
Is 110 a factor of 3249?
False
Is 19019 a multiple of 13?
True
Is 4158 a multiple of 8?
False
Does 414 divide 29808?
True
Is 8900 a multiple of 4?
True
Does 85 divide 1411?
False
Is 47 a factor of 10814?
False
Does 47 divide 517?
True
Does 8 divide 128?
True
Does 42 divide 882?
True
Does 8 divide 240?
True
Is 62 a factor of 66030?
True
Does 19 divide 513?
True
Is 4 a factor of 15160?
True
Does 4 divide 1444?
True
Is 8918 a multiple of 49?
True
Does 84 divide 1344?
True
